*v**2/2 + 3*v. Determine f(2).
-5
Suppose -6*c + 12 = -2*c. Let d(r) = 7*r**c - 4*r - 8*r**3 + 3*r + 7. Calculate d(0).
7
Let k(f) = 3*f + 1. Let z = -20 + 17. What is k(z)?
-8
Let f(q) = q - 2. Let c be (-64)/(-8) - (2 + -1). Give f(c).
5
Let j(i) = 18 - 8 - 12 + 2*i. What is j(4)?
6
Let d(g) = -8*g - 2. Let i = 119 - 123. Calculate d(i).
30
Let o(h) be the first derivative of -h**2/2 - 14*h + 50. Give o(-14).
0
Let l(a) be the third derivative of a**5/60 + 5*a**4/24 - a**3/3 + a**2. Let r(f) = f. Suppose 0 = -o - 3 + 4. Let s(q) = o*l(q) - 6*r(q). Determine s(3).
4
Let z(w) = w**2 - 7*w + 6. Let j(f) = -f**3 + 15*f**2 - 13*f - 9. Let c be j(14). What is z(c)?
-4
Let q(u) = u**3 + 5*u**2 + 6*u + 4. Suppose 6 = 2*k - 6. Let s(f) = 2*f**2 - k*f**2 + 3*f**2 + 4*f + 1 - 5. Let h be s(4). Determine q(h).
-4
Let r = 4 - -2. Suppose -5*j + 8*j = r. Let w(u) be the first derivative of -u**3/3 - u + 1. What is w(j)?
-5
Let s(u) = -11*u**3 + 5*u**2 + 3*u - 1. Let m(j) = j**3 - j**2 - j. Let r(i) = 4*m(i) + s(i). Let c be ((-2)/3)/(6/9). Give r(c).
8
Let k(m) = 0*m - 2*m**3 + 0*m - m + 1 + m**2. Let i = 7 - 6. Calculate k(i).
-1
Suppose -16 = -4*k + 6*i - i, -i + 4 = k. Let l be (-3)/(-6)*-2*-4. Suppose 2*o - k = l. Let z(w) = -w + 5. What is z(o)?
1
Let n(j) = -j**3 + 3*j**2 - 2*j + 1. Let i = -4 - -6. Give n(i).
1
Let p(m) = 3*m**3 - m - 3*m**3 + m**3 - 2*m**2 + 4*m**2. Let v be -2 - (-2)/(-6)*0. Calculate p(v).
2
Let h(b) = 94 + 2*b**2 - 94 - b**2 - 7*b. Give h(5).
-10
Let l = -6 + 8. Suppose -l*g - 2*g + 16 = 0. Let s(w) = 3*w - 5. Calculate s(g).
7
Let b(o) = -5*o**2 + 2 - 4 + 4*o + 5*o**3 - o - 4*o**3. Suppose 1 = -3*j + 2*i, j - 5*i = -4*j. Let c be 14/6 + j/3. Determine b(c).
-8
Let f(p) be the first derivative of p**2/2 - 5*p - 5. What is f(4)?
-1
Suppose -2*g - 4 = 3*i - 6*i, 4*g = 4*i - 12. Let d(k) = -2*k - 3. What is d(i)?
1
Let b be 4*(5/2)/(-5). Let t(h) be the second derivative of -h**5/10 - h**4/4 - h**3/3 - h**2/2 - 3*h. Calculate t(b).
7
Let x(n) = -n + 4. Suppose -a - 20 = 3*i + 2*i, -2*a + 30 = -4*i. Determine x(i).
9
Suppose -6*g = -4*g. Let n(j) = j - 8 + 0 + 2 + g*j. Calculate n(6).
0
Let l be 4/6 + 30/9. Let t(d) = 11*d + l - 9*d - 2. Suppose 0 = -k + 6*k - 25, 2*f + 2*k = 14. Give t(f).
6
Let c(i) = -i**3 - i**2 - 4*i - 3. Let m(t) = 2*t**2 - 18*t - 2. Let r be m(9). Give c(r).
9
Let z(q) be the first derivative of -q**2/2 - 5*q - 5. What is z(-6)?
1
Let k be (-12)/(-8)*4/6. Let a(n) = -4*n + 2 - 2*n + k + 3*n. What is a(4)?
-9
Let f(d) be the second derivative of 0*d**2 + d - 1/6*d**3 + 0. Calculate f(-1).
1
Let i(a) = -a**2 - 8*a - 4. Suppose -11*h = -12*h - 7. Give i(h).
3
Let o(l) = 2*l**2 + 6*l + 1. Let a(k) = k**2 + 3*k. Let c(y) = 5*a(y) - 3*o(y). Suppose -m = 2*x - 13 - 2, x + 20 = 5*m. Let r = m - 8. Give c(r).
-3
Suppose 0 = -0*v - 3*v. Let c(q) = 1 + 1 + v - q. What is c(-5)?
7
Let k be (-78)/(-21) - (-2)/7. Suppose -k*p - 2 = -0*r + 2*r, 5*p - 3*r = -19. Let n(f) be the first derivative of 5*f**2/2 + 3*f - 16. Give n(p).
-7
Let z(w) = -5*w**2 + 1. Suppose 5*y + 66 = 201. Let g = y + -11. Suppose -5*v = 5*h + 15, 3*v + v + g = -5*h. Determine z(v).
-4
Let g(y) = -3*y + 3. Let s(q) = 6*q - 6. Let c(j) = -5*g(j) - 3*s(j). What is c(4)?
-9
Let z(r) = -r**2 - r + 1. Suppose -f = 5, 2*m + f + f + 64 = 0. Let w be (2/(-6))/((-3)/m). What is z(w)?
-5
Let d(c) = 0*c**2 + c**2 - 7 - 2*c + 3*c. Let l = -48 + 48. Give d(l).
-7
Let g(z) = -7*z - 12. Let y(l) = 4*l + 6. Let t(j) = -3*g(j) - 5*y(j). Suppose 6 = 2*w + 5*q, -4*w - 5*q - 8 = -0*q. What is t(w)?
-1
Let l(q) be the third derivative of q**3 - 2*q**2 - 1/60*q**5 + 0 + 0*q + 5/24*q**4. Calculate l(6).
0
Let g(d) = -4*d + 3. Let y(x) = 2*x - 2. Let i(l) = 3*g(l) + 4*y(l). Give i(1).
-3
Let n(f) be the second derivative of f**3/2 + 5*f**2/2 - 8*f. Give n(-5).
-10
Suppose 2*w + 1 = -3. Let j(b) = -7*b + 1. Calculate j(w).
15
Suppose 4*y - 2 = 2. Let w(m) = -3*m - 2*m - 10*m**2 + 4*m. Calculate w(y).
-11
Let l(y) = 2*y**2 + 10*y + 2. Let x be l(-5). Let c(o) = o**2 - 2*o. Determine c(x).
0
Let s(q) = -8*q + 5. Let c(a) = -12*a + 7. Let w(m) = 5*c(m) - 7*s(m). Let y be w(-1). Let v(i) = i + y - 6 - 5 - 3. What is v(0)?
-10
Let v be 0 + 5/(5/(-8)). Let n = v + 7. Let i = 2 + n. Let f(w) = 12*w**3 - 2*w**2 + 2*w - 1. Give f(i).
11
Let j(a) = 4*a - 19*a**2 + 7*a**2 + 13*a**2. Give j(-5).
5
Let p(o) = 7*o**2 - 12*o + 4. Let u(b) be the second derivative of -13*b**4/12 + 23*b**3/6 - 4*b**2 + 3*b. Let a(d) = -11*p(d) - 6*u(d). What is a(4)?
-4
Let l(b) = -6*b - 3. Let w(a) = -11*a - 7. Suppose -3*h - 2*h - 4*j = 55, -4*h - 3*j - 43 = 0. Let i(y) = h*l(y) + 4*w(y). Suppose 4*p = -p - 25. What is i(p)?
3
Suppose 4*m - 41 = 59. Let q(f) = -12*f - 14*f + m*f + 7. Calculate q(7).
0
Let n(r) = -1 + 4*r**3 - 3*r**3 - 1 + 3*r - 4*r**2. Suppose k + 1 + 3 = 0. Let f be k + 3 - (1 - 4). Give n(f).
-4
Let y(v) be the first derivative of -v**3/3 - 2*v**2 - v + 4. Let s(m) = 4*m. Let f be s(-1). Determine y(f).
-1
Let m(v) = v**3 + 3*v**2. Suppose -4*x = -5*u + 7, -u = -3*x + 4*u - 9. Suppose r = -2 - x. Calculate m(r).
-16
Suppose 4*o - w + 25 = 0, -4*w = 2*o - 5*o - 22. Let q(h) = -h**3 - 5*h**2 + 5*h - 4. Give q(o).
2
Let u(k) be the third derivative of 0*k - 7/6*k**3 + 0 - 1/12*k**4 + 4*k**2. Let a(t) = 2*t**3 + 3*t**2 + t + 1. Let z be a(-2). What is u(z)?
3
Let o(a) = a - 13. Let i = 1 - -5. What is o(i)?
-7
Suppose -3*m - 16 = -7*m. Suppose 4*r - 29 = -5*t, -12 = 5*r - m*t + 3. Let f(w) = -8*w**2 + 1. Calculate f(r).
-7
Let z(w) = w. Suppose -5*o + 2*n - 12 + 64 = 0, 0 = 2*n + 2. Let b(t) = -12*t + 4. Let c(l) = o*z(l) + b(l). Calculate c(-4).
12
Let h(t) = 5*t**2 + 4*t + 2. Let b(v) = -v**3 - 2*v**2 + 5*v + 4. Let p be b(-3). Calculate h(p).
14
Let c(z) be the second derivative of -z**4/12 + z**3/2 - 2*z**2 + 4*z. Calculate c(4).
-8
Suppose r = u + 4, 3*u - u + 4 = -2*r. Let v(m) = 10*m - 1. Determine v(r).
9
Let m(u) = -u + 136 - 253 + u**2 - 3*u**3 + 4*u**3 + 133. Give m(0).
16
Let k(h) = -h + 10. Let x = -31 + 38. Determine k(x).
3
Let p be (-54)/(-12) + (-2)/4. Suppose 2 = 3*i - p. Let y(l) = 4*l**2 - 4*l - 2*l**2 + 3*l - 1 - 3*l**i. Calculate y(-1).
-1
Let i(m) = -2*m**2 - 12*m - 9. Let a be i(-4). Let j(s) = 2 + 2 - s - 2*s + a*s. What is j(-4)?
-12
Let g(i) = -i**2 - 16*i - 56. Let c be g(-6). Let s(j) = j**2 - 5*j + 3. Calculate s(c).
-1
Let z(h) = -5*h - 6*h**2 + 5 + 2 - 5 - h**3 - 3. Calculate z(-5).
-1
Suppose -4*r = 5 - 21. Let x(g) = 2 - r*g + 0*g - 1. What is x(1)?
-3
Let j(i) = -2 + 1 - 8*i**2 + 7*i**2 - 2*i. Give j(-3).
-4
Let x(b) = b - 23 + 48 - 19. Determine x(5).
11
Let w be (1/3)/(2/12). Let u = -3 + w. Let g(n) = 11*n**2 + 1. Determine g(u).
12
Let x(k) = -2*k**2 - k**3 - 2*k + 9*k - k - 3*k**2. What is x(-6)?
0
Let k(z) = -7*z**2 - 15*z - 25. Let o(l) = 3*l**2 + 7*l + 12. Let r(h) = 4*k(h) + 9*o(h). Give r(6).
-10
Let i(l) = l + 2. Let n(r) = -2*r**2 - 15*r + 19. Let v be n(-9). Calculate i(v).
-6
Suppose -3*i + 0 = -15. Let l(j) = -j**3 + 6*j**2 - 4*j + 1. Let g(n) = 2*n**3 - 12*n**2 + 8*n - 3. Let c(d) = -3*g(d) - 5*l(d). Give c(i).
9
Let n(o) = 2*o**3 + 7*o**2 + o - 5. Let c(b) = -3*b**3 - 8*b**2 - b + 6. Let w(q) = 3*c(q) + 4*n(q). Give w(3).
10
Let i be 6/(-12) + (-5)/(-2). Suppose 2*y = 3*n - n, i*n = 4*y - 2. Let k(r) = -2*r + y + 0*r - 3*r + 6*r. Calculate k(-5).
-4
Let n = 0 - 0. Let k(g) = -g**3 + g**2 - g - 3. Calculate k(n).
-3
Let r(a) be the first derivative of -a**2/2 + 3*a + 2. Let u be (8/3)/((-2)/(-6)). Suppose -22*n + 24*n = u. Give r(n).
-1
Let x(q) = 3*q**3 - 6*q**2 + q. Let z(c) = 4*c**3 - 7*c**2 + c + 1. Let n(f) = 3*x(f) - 2*z(f). Let g = -3 + 5. Suppose 20 = 3*w + g*w. Give n(w).
2
Let f(z) be the third derivative of -z**5/60 + 5*z**4/24 - z**3 + 8*z**2. Let s = 0 - -2. Suppose -s*m + m + 4 = 0. Give f(m).
-2
Let p be ((-2)/(-4))/(5/60). Let r(d) = -d**2 + 7*d - 9. Determine r(p).
-3
Let d(a) = -1 - 1 + a - 2 + a. Let m(t) = -t**3 + 10. Let v be m(0). Suppose 2*q - v = 3*o - 2*o, 5*q - 22 = o. Give d(q).
4
Let h(z) be the third derivative of -z**6/120 - z**5/30 + 2*z**3/3 + 9*z**2 - 3. Calculate h(-3).
13
Let a(s) = -s**2 + s + 1. Let r(l) = 12*l**2 - 4*l - 5. Let w(b) = 5*a(b) + r(b). Calculate w(-1).
6
Let r(j) = -1. Let q(w) = w + 4.